actors of 127657?
127657
List the prime factors of 1326.
2, 3, 13, 17
List the prime factors of 686.
2, 7
What are the prime factors of 8505?
3, 5, 7
List the prime factors of 1911.
3, 7, 13
List the prime factors of 39502.
2, 19751
List the prime factors of 6784.
2, 53
What are the prime factors of 94964?
2, 23741
What are the prime factors of 17127?
3, 11, 173
What are the prime factors of 1146?
2, 3, 191
List the prime factors of 1508.
2, 13, 29
What are the prime factors of 1617?
3, 7, 11
What are the prime factors of 55187?
11, 29, 173
What are the prime factors of 2065?
5, 7, 59
List the prime factors of 823.
823
List the prime factors of 73024.
2, 7, 163
What are the prime factors of 1232?
2, 7, 11
List the prime factors of 52331.
43, 1217
List the prime factors of 1012.
2, 11, 23
What are the prime factors of 4436?
2, 1109
List the prime factors of 20178.
2, 3, 19, 59
List the prime factors of 24093.
3, 2677
List the prime factors of 76170.
2, 3, 5, 2539
What are the prime factors of 636?
2, 3, 53
What are the prime factors of 9165?
3, 5, 13, 47
What are the prime factors of 701?
701
What are the prime factors of 25865?
5, 7, 739
List the prime factors of 144133.
11, 13103
List the prime factors of 525.
3, 5, 7
List the prime factors of 9367.
17, 19, 29
What are the prime factors of 1356?
2, 3, 113
List the prime factors of 4963.
7, 709
List the prime factors of 44265.
3, 5, 13, 227
List the prime factors of 1525.
5, 61
List the prime factors of 3336.
2, 3, 139
What are the prime factors of 56564?
2, 79, 179
List the prime factors of 424.
2, 53
List the prime factors of 944.
2, 59
List the prime factors of 93974.
2, 19, 2473
What are the prime factors of 685?
5, 137
List the prime factors of 1623.
3, 541
List the prime factors of 7284.
2, 3, 607
What are the prime factors of 789?
3, 263
What are the prime factors of 20167?
7, 43, 67
What are the prime factors of 9635?
5, 41, 47
List the prime factors of 95919.
3, 31973
What are the prime factors of 9580?
2, 5, 479
What are the prime factors of 1289?
1289
What are the prime factors of 11719?
11719
What are the prime factors of 27411?
3, 9137
List the prime factors of 8475.
3, 5, 113
List the prime factors of 5516.
2, 7, 197
List the prime factors of 19551.
3, 7, 19
List the prime factors of 7696.
2, 13, 37
List the prime factors of 938.
2, 7, 67
What are the prime factors of 15703?
41, 383
What are the prime factors of 18286?
2, 41, 223
What are the prime factors of 5063?
61, 83
List the prime factors of 4724.
2, 1181
What are the prime factors of 4697?
7, 11, 61
List the prime factors of 1095.
3, 5, 73
List the prime factors of 7905.
3, 5, 17, 31
List the prime factors of 27019.
41, 659
What are the prime factors of 2125?
5, 17
List the prime factors of 1572.
2, 3, 131
What are the prime factors of 1517?
37, 41
List the prime factors of 579.
3, 193
What are the prime factors of 7306?
2, 13, 281
List the prime factors of 362.
2, 181
List the prime factors of 1043.
7, 149
What are the prime factors of 6888?
2, 3, 7, 41
What are the prime factors of 47521?
47521
What are the prime factors of 4061?
31, 131
What are the prime factors of 3688?
2, 461
What are the prime factors of 2244?
2, 3, 11, 17
What are the prime factors of 2856?
2, 3, 7, 17
List the prime factors of 14712.
2, 3, 613
List the prime factors of 2341.
2341
What are the prime factors of 2229?
3, 743
List the prime factors of 5966.
2, 19, 157
What are the prime factors of 764?
2, 191
List the prime factors of 46419.
3, 15473
List the prime factors of 20289.
3, 6763
List the prime factors of 88581.
3, 29527
List the prime factors of 40058.
2, 20029
What are the prime factors of 18373?
19, 967
List the prime factors of 25430.
2, 5, 2543
List the prime factors of 9853.
59, 167
What are the prime factors of 8047?
13, 619
What are the prime factors of 4379?
29, 151
What are the prime factors of 8747?
8747
List the prime factors of 7038.
2, 3, 17, 23
List the prime factors of 2976.
2, 3, 31
What are the prime factors of 13131?
3, 1459
What are the prime factors of 21888?
2, 3, 19
What are the prime factors of 1752?
2, 3, 73
List the prime factors of 686.
2, 7
List the prime factors of 18365.
5, 3673
What are the prime factors of 157081?
157081
List the prime factors of 147.
3, 7
What are the prime factors of 259?
7, 37
What are the prime factors of 1751?
17, 103
What are the prime factors of 118653?
3, 39551
What are the prime factors of 3155?
5, 631
List the prime factors of 10520.
2, 5, 263
What are the prime factors of 12020?
2, 5, 601
What are the prime factors of 1249?
1249
List the prime factors of 372.
2, 3, 31
List the prime factors of 41214.
2, 3, 6869
List the prime factors of 13686.
2, 3, 2281
What are the prime factors of 408?
2, 3, 17
List the prime factors of 898.
2, 449
List the prime factors of 53188.
2, 13297
List the prime factors of 34987.
59, 593
What are the prime factors of 3962?
2, 7, 283
List the prime factors of 84789.
3, 9421
What are the prime factors of 3413?
3413
List the prime factors of 7076.
2, 29, 61
List the prime factors of 15006.
2, 3, 41, 61
List the prime factors of 50357.
37, 1361
What are the prime factors of 2295?
3, 5, 17
What are the prime factors of 805?
5, 7, 23
What are the prime factors of 733?
733
List the prime factors of 26666.
2, 67, 199
What are the prime factors of 107981?
107981
List the prime factors of 4579.
19, 241
What are the prime factors of 1862?
2, 7, 19
List the prime factors of 1589.
7, 227
List the prime factors of 458.
2, 229
What are the prime factors of 8917?
37, 241
List the prime factors of 122.
2, 61
What are the prime factors of 8255?
5, 13, 127
List the prime factors of 1000.
2, 5
What are the prime factors of 304?
2, 19
What are the prime factors of 7901?
7901
List the prime factors of 10570.
2, 5, 7, 151
What are the prime factors of 38457?
3, 4273
What are the prime factors of 22473?
3, 11, 227
List the prime factors of 7163.
13, 19, 29
What are the prime factors of 51902?
2, 25951
What are the prime factors of 3480?
2, 3, 5, 29
List the prime factors of 1397.
11, 127
What are the prime factors of 1492?
2, 373
What are the prime factors of 4632?
2, 3, 193
What are the prime factors of 1439?
1439
What are the prime factors of 816?
2, 3, 17
List the prime factors of 1608.
2, 3, 67
What are the prime factors of 65177?
7, 9311
What are the prime factors of 1165?
5, 233
What are the prime factors of 2987?
29, 103
List the prime factors of 8751.
3, 2917
What are the prime factors of 75405?
3, 5, 11, 457
List the prime factors of 44911.
97, 463
List the prime factors of 5439.
3, 7, 37
What are the prime factors of 1004?
2, 251
List the prime factors of 1662.
2, 3, 277
What are the prime factors of 42701?
42701
What are the prime factors of 26890?
2, 5, 2689
What are the prime factors of 5144?
2, 643
What are the prime factors of 134620?
2, 5, 53, 127
What are the prime factors of 20684?
2, 5171
What are the prime factors of 53879?
7, 43, 179
List the prime factors of 21195.
3, 5, 157
List the prime factors of 6777.
3, 251
What are the prime factors of 66166?
2, 33083
What are the prime factors of 432?
2, 3
List the prime factors of 8585.
5, 17, 101
List the prime factors of 2748.
2, 3, 229
List the prime factors of 6464.
2, 101
What are the prime factors of 6998?
2, 3499
List the prime factors of 5572.
2, 7, 199
List the prime factors of 367.
367
What are the prime factors of 30603?
3, 101
What are the prime factors of 25178?
2, 12589
List the prime factors of 88064.
2, 43
What are the prime factors of 10761?
3, 17, 211
List the prime factors of 40235.
5, 13, 619
List the prime factors of 32.
2
List the prime factors of 3848.
2, 13, 37
List the prime factors of 1527.
3, 509
List the prime factors of 3390.
2, 3, 5, 113
List the prime factors of 1085.
5, 7, 31
List the prime factors of 45629.
103, 443
List the prime factors of 28240.
2, 5, 353
What are the prime factors of 71609?
101, 709
What are the prime factors of 12182?
2, 6091
List the prime factors of 6727.
7, 31
What are the prime factors of 1185?
3, 5, 79
What are the prime factors of 4524?
2, 3, 13, 29
What are the prime factors of 14594?
2, 7297
List the prime factors of 1038.
2, 3, 173
What are the 